hen (3 + q)*(f - -1) is divided by 18?
16
Suppose -i + 1 + 2 = 0. What is the remainder when 8 is divided by i?
2
Let w = 218 + -135. What is the remainder when w is divided by 21?
20
What is the remainder when 15 is divided by -2 + 0 + (-1 - -11)?
7
Let b = -8 - -19. Let f = b - -3. What is the remainder when f is divided by 5?
4
Suppose 0 = -r - 4*r - 15, -2*r = 4*h - 6. Suppose 0*q = -3*w - q + 17, 2*w - 2*q - 6 = 0. Let t = 1 + w. Calculate the remainder when t is divided by h.
0
Let z(h) = h**2 - 9*h. Let x be z(4). Let c = -12 - x. Calculate the remainder when 31 is divided by c.
7
Let d(r) = -15*r + 3. What is the remainder when d(-4) is divided by 33?
30
Suppose 115 - 7 = -3*c. Let y = 24 + c. Let a = y - -23. What is the remainder when 42 is divided by a?
9
Suppose 4*g - 57 = -3*v + 34, 0 = -2*v - g + 54. Calculate the remainder when 148 is divided by v.
23
Suppose 0*u + 10 = 5*u - l, 3*l = 5*u. Let c(j) = j**3 + 9*j**2 + 7*j - 4. What is the remainder when c(-8) is divided by u?
1
Suppose 3*c + 5*h - 44 = 0, 5*c = 6*c - h - 4. Calculate the remainder when 13 is divided by c.
5
Let r = 40 + -15. Calculate the remainder when 3/6*(r - -1) is divided by 5.
3
Let l = -11 + 15. Calculate the remainder when 23 is divided by 2*l*(-2 + 3).
7
Let m be (-4)/1*(-105)/20. Suppose 0 = -2*w + m + 7. What is the remainder when w is divided by 5?
4
What is the remainder when 56 is divided by -19*2/4*-2?
18
Let a(d) = -d**2 - 9*d + 7. Let p be a(-10). Let u(o) = 2*o**2 + 9*o - 6. Calculate the remainder when u(-8) is divided by (-41)/p + (-4)/6.
11
Calculate the remainder when (-2)/(-3) + (-56)/(-6) is divided by 6.
4
Suppose 2*d - 44 = -2*d. Suppose -d = u + 3*m, 2*m + 4 = -0*m. Let z = 18 + u. Calculate the remainder when 37 is divided by z.
11
Suppose -2*j + 6*j = -2*k + 18, 10 = 5*j. Suppose -5*q = -4*n + 43, -3*q = k*n - 10 - 53. Let t = -6 + n. What is the remainder when t is divided by 4?
2
Let x = 21 + 9. Let s(f) = 9*f**3 - f**2 + f - 1. Calculate the remainder when x is divided by s(1).
6
Let q be 4/10*(-20)/(-2). Suppose 3*y = 4*k + 146, -3*k + 7*k + 192 = q*y. Calculate the remainder when y is divided by 16.
14
Let m = -10 + 33. What is the remainder when m is divided by 8?
7
Let y(f) = f**2 - f - 57. Let a be y(0). Let m = -38 - a. Calculate the remainder when m is divided by 5.
4
Let y be 0/2 + 14 - 0. Suppose -5*t + 4*n - 28 = 0, 5*t - 3*n = -6*n - y. Let r(g) = -g + 1. What is the remainder when 13 is divided by r(t)?
3
Let h = -23 - -11. Let u be h/5*15/(-6). Let s = u + -3. What is the remainder when s is divided by 1?
0
Let r = -17 + 19. Suppose 2*s + 90 = 2*f + r*f, -3*f + 75 = -4*s. Suppose -5*g = -227 - 78. Calculate the remainder when g is divided by f.
19
Let k be 4/6 + (-5)/3. Let j = 4 + k. Suppose 13*s - 9*s - 8 = 0. What is the remainder when j is divided by s?
1
Let l(z) = z. Let k be l(3). Suppose -k*g + 19 = 4*q, 2*g + 3*q = 20 - 6. What is the remainder when 2 is divided by g?
0
Suppose -4*o + 3*x - 35 = -0*x, -5*x + 13 = -o. Let r(f) = f. Let a be r(o). Calculate the remainder when 1 - (-5)/((-5)/a) is divided by 5.
4
Suppose -10*m + 370 = -5*m. What is the remainder when m is divided by 21?
11
Suppose 3*t + 2*t - 180 = 0. Suppose 2*d - t = 5*d. Calculate the remainder when 59 is divided by ((-15)/d)/(1/16).
19
Suppose -3*y + y + 48 = 0. Suppose 0 = -5*w + 5*d + 435, w - 6*w = -4*d - 434. Let p = -39 + w. Calculate the remainder when p is divided by y.
23
Suppose 3*u - 10 - 2 = 0. Let w = 14 - u. Calculate the remainder when 18 is divided by w.
8
Suppose 4*n - 24 = 2*n. What is the remainder when 35 is divided by n?
11
Suppose 4*r + 7 = -p + 25, 2*r - 16 = -4*p. Calculate the remainder when 31 is divided by r.
3
What is the remainder when (-5)/((-15)/84) + -3 + 3 is divided by 11?
6
Let k(a) = a + 11. Calculate the remainder when 17 is divided by k(-6).
2
Suppose -5*r = -r - 96. Suppose -5*d + 23 = -2. Suppose 0*p - d*p = -k - 66, -35 = -3*p - 4*k. What is the remainder when r is divided by p?
11
Let o be (-2 - -32) + (4 - 4). Let h = o + -13. What is the remainder when 66 is divided by h?
15
Let g = 7 + -1. Let i = g + -4. Let u(h) = 3*h**2 + h. Calculate the remainder when 41 is divided by u(i).
13
Suppose 2*n + 0 + 1 = k, -22 = 4*k + 5*n. What is the remainder when 38 is divided by 20 - (-1)/k*0?
18
Suppose 4*k = 41 - 17. What is the remainder when 21 is divided by k?
3
Let m = -228 - -320. Suppose 3*j = m + 10. Let h = j + -17. What is the remainder when 49 is divided by h?
15
Suppose -3*y = 5*i - 65, -y + 29 = 2*y - 4*i. What is the remainder when 42 is divided by y?
12
Let j(y) = y**3 - 7*y**2 + 9*y - 6. Let x(d) = 45*d**3 - d**2 + 2*d - 1. What is the remainder when x(1) is divided by j(6)?
9
What is the remainder when 50 is divided by (-28)/(3 + 20/(-4))?
8
Let t = -18 + 23. Suppose y + 4*s - 22 = 0, -t*s = -0*s. What is the remainder when y is divided by 6?
4
Suppose 0 = j - 5*w - 28, 3*w = 4*j + 5*w - 2. Let l be ((-3)/4)/((-9)/24). Suppose 27 - l = 5*t. Calculate the remainder when t is divided by j.
2
Let p = 160 + 22. What is the remainder when p is divided by 37?
34
Suppose 0 = 5*v - 22 - 8. Let o = -12 + 2. Calculate the remainder when (-8)/o*(-25)/(-2) is divided by v.
4
Let a(d) = d. Let c be a(2). Suppose -c*h - 6 = -5*h. What is the remainder when 6 is divided by h?
0
Let b be 2/5 + 504/15. Suppose 3*k = k + b. What is the remainder when 33 is divided by k?
16
Let v be ((-6)/(-4))/(4/192). What is the remainder when ((-1)/(-1))/(4/124) is divided by v/(-3)*(-4)/6?
15
Let z(n) = -2*n - 2 + 0*n - 7 + 4*n. What is the remainder when z(6) is divided by 2?
1
Suppose -g = 4*p - 12, 2*g = -g - 12. Suppose -r - 4*j - 12 = 0, -p*j = -6*r + 2*r + 52. What is the remainder when 15 is divided by r?
7
Let p = 4 - 0. What is the remainder when 13 is divided by p?
1
Let w = 150 + -110. What is the remainder when 156 is divided by w?
36
Let z(u) = 11*u**2 - u + 1. Suppose -14 = -a - 2*h, -2*a + 5*h - 21 = -a. Calculate the remainder when z(1) is divided by a.
3
Let f be -1*(3 + -3 + -1). What is the remainder when 33 is divided by (0 + -1)*f*-12?
9
Let u(y) = y**3 + 2. Let p be u(0). Suppose 2*x = 3*l - 61, 2*l = -p*x + x + 43. Let j = -5 - -16. Calculate the remainder when l is divided by j.
10
Suppose 13 = -2*g + 3*g. Calculate the remainder when 153/4 + 2/(-8) is divided by g.
12
Suppose -5*n = 2*l - 6*l + 1, 3*l - 12 = 0. Let c(v) = -3 - 4*v - v**2 - 2 - 3*v. What is the remainder when c(-5) is divided by n?
2
Suppose -4*w + 11 = -3*m, -m = -0*w + w - 8. Suppose 0 = -m*c - 115 - 71. Let d = -26 - c. What is the remainder when d is divided by 13?
10
Suppose -9 = 3*r, -2*r = -3*w + 10 + 41. Let z = -111 + 139. What is the remainder when z is divided by w?
13
Suppose -n - 6 = -86. Suppose -2*k = -7*k + n. What is the remainder when 61 is divided by k?
13
Let u = 19 + -9. What is the remainder when 27 is divided by u?
7
Let w = 12 - 9. Suppose -b = -2*l + w, 0 = -5*l + b - 0*b + 15. Calculate the remainder when 7 is divided by l.
3
Let c(r) = r**3 - 9*r**2 - 7*r - 19. What is the remainder when 21 is divided by c(10)?
10
Suppose -2*a - 16 = -0*a. Let o(t) = t**3 + 7*t**2 - 5*t + 7. Let y be o(a). Let c = 27 + y. Calculate the remainder when c is divided by 6.
4
Suppose 0*r - 33 = -3*r. Let s(g) = 2*g**2 + 2*g - 3. Let m be s(7). Let t = m - 77. Calculate the remainder when t is divided by r.
10
Let h(x) = 5*x - 6. Calculate the remainder when 56 is divided by h(5).
18
Suppose 2*c + 10 = 40. Calculate the remainder when c is divided by 8/((-4)/2)*-2.
7
Suppose -3*r = -100 - 32. Suppose -q = -0*q + y - r, 0 = -4*q + 5*y + 131. Calculate the remainder when q is divided by 10.
9
Let x be 4/(-2) + 15/3. Suppose 142 = -2*d + 5*d + 5*o, 0 = 2*d - 2*o - 84. Calculate the remainder when d is divided by 18 - x - (2 + -2).
14
Let x = -7 - -4. Let c = x + 5. Suppose o + 15 = b, -b + c = -4*o - 4. What is the remainder when b is divided by 10?
8
Let b = -106 + 211. What is the remainder when b is divided by 27?
24
Let y = -9 + 5. Let t = -2 - y. Let n = t - -2. Calculate the remainder when 7 is divided by n.
3
Suppose -13*n - 335 = -18*n. What is the remainder when n is divided by 34?
33
Suppose g - 16 = 15. What is the rem